 - -28)?
-25
What is 32 + -84 - -40 - 114 - (-19 + 1)?
-108
-13 - 24 - (0 + (10 - -13 - 11))
-49
Evaluate 110 + -111 + -1 + (2 - 1) + -47.
-48
Calculate -5 + (49 - 59) + (31 - 0).
16
Calculate -9 - (-1 + -3) - 5 - (-66 - -55).
1
What is (-44 + 25 - -42) + (28 - 0)?
51
What is -102 + (33 - -43 - 18)?
-44
What is -159 + 167 + 21 + -2 + -73?
-46
Evaluate 64 + -41 + 35 - -4.
62
Calculate 0 - -8 - (-12 - -21) - (-7 - -72) - -9.
-57
What is the value of 122 + -112 - (-9 + 5 - -5 - -51)?
-42
What is the value of -32 - (120 + (-262 - -4))?
106
What is the value of -7 + -13 + 17 + 119 + -84?
32
What is the value of (89 - 23 - 29) + -33?
4
What is the value of (47 - 0) + (-837 - -809)?
19
What is 31 - (-3 + 52) - 23 - -1?
-40
-86 - (-76 + -18) - (1 + 21 + -1 + 2)
-15
Calculate -78 + 35 + -8 - -30.
-21
53 - (2 - 1) - (-102 + (-10 - -119))
45
Calculate (-7 + -2 - (3 - -1)) + (14 - 27).
-26
Evaluate (-11 - ((27 - 15) + 44 + 3)) + (-4 - -14).
-60
-56 + -2 - (-7173 + 7053)
62
What is the value of -1 - (17 - (-7 - (7 - 6) - -13)) - -98?
85
Evaluate 1 + 32 - (-1 - (-17 + -2 + 7 + 23)).
45
(28 - (21 - -18) - -26) + -7
8
373 - (416 - 161) - (8 - (4 - 2))
112
What is 43 + (-19 - (-16 + 3 + 10)) + 22?
49
Calculate (4 - -50) + (-745 - -700) + (-1 - -6).
14
Calculate -9 + 7 + (18 - 9) + 0 + 4.
11
What is the value of (174 + -178 - (1 + 1)) + 8 + 66?
68
Evaluate -6 + -73 - (-277 + 194).
4
What is the value of (-76 - -85) + 0 + -24 - (-8 + 39)?
-46
Evaluate -2 + (18 - ((9 - (8 - 11)) + -2)).
6
Evaluate 1 + 9 + -5 + -17 + -3 + 4.
-11
What is -6 + -20 - (4 - (41 - 16))?
-5
What is -5 + 23 + 7 - (5 + -12)?
32
Evaluate (9 - (-1 + 6)) + (-1 - 7 - (-228 + 286)).
-62
What is -9 + -4 - -44 - 47?
-16
Evaluate (-13 - (-41 + -5)) + 3 + 0 + 10.
46
Evaluate 89 + 12 - (-12 - (11 - 66)).
58
What is -18 - (0 + (9 - (-12 - 5)) - 13 - 5)?
-26
8 - 18 - (14 - (9 - 14))
-29
What is the value of 0 + (-2 - (-2 + 1)) + (101 + -1 - 76)?
23
4 + -7 + 3 + 10 + 17 + (-9 - -2)
20
What is the value of -26 + 3 + 652 + -667 + (4 - (1 + -3))?
-32
-4 + (4 - (11 + 0 - 1)) + -6 + -97
-113
What is -6 - ((-168 - (4 + -15) - -3) + 13) - 13?
122
Evaluate 63 - (145 - 106 - -11).
13
Calculate 9 + -3 + -12 + -8 + -52 + 13 + 2.
-51
Evaluate 0 + (-73 - -1) + (46 - (-5 + 37)).
-58
What is -86 - (-14 + (-42 - -13))?
-43
-53 + (-14 + 74 - 94)
-87
What is 63 + (48 - -62 - 198)?
-25
What is (-6 - 17) + (-134 + 122 - (4 + -8))?
-31
What is the value of 187 + -141 - (-25 + 10)?
61
What is -10 + 24 + -10 + -21 + 21 + -65?
-61
Calculate -101 - (-7 + 0 - 2 - (59 + -106 + 41)).
-98
What is -5 - (27 + (-50 - 3))?
21
-1345 - -1422 - (0 - -73)
4
What is the value of (56 - -3) + -15 - (0 + 3 + -11)?
52
What is 0 + 1 - (-1227 + 1208)?
20
Evaluate -10 + 6 + 0 - (-12 - 2 - (-8 - -6)).
8
Calculate -74 - (7 - 100 - -32).
-13
What is the value of (-1 - ((-3 - -8) + -8)) + (141 - 79)?
64
What is -15 - (42 + -7 + (-1 - 14 - -22))?
-57
What is -93 - (-74 - (48 + -47))?
-18
Calculate 44 + (-51 - (14 - 9)).
-12
Evaluate 24 - 16 - 11 - (-1 - 8) - 15 - 31.
-40
What is the value of -15 + (54 - 14) + 0 + 13?
38
Evaluate -25 + 46 - ((-18 - 8) + 29).
18
Evaluate -4 + 7 - 3 - (43 + 8 + -9).
-42
Evaluate 8 + 0 + (-7 + 31 - 27) + -13 + 33.
25
What is the value of (17 - (15 - (15 + -8))) + -33 - 15?
-39
Calculate -65 + 60 + 2 + 10 - (18 - -13).
-24
What is 21 - -25 - (-20 + 47)?
19
What is (42 - 20 - 45) + 17?
-6
Evaluate -51 + (47 - 71 - -55) + 14 + -1.
-7
-12 - (36 - 72) - ((-3 - -4) + 2)
21
What is the value of 24 + 2 + (-25 - -23) + -34?
-10
Calculate 5 + -5 + 12 - (108 - (1 + 5)).
-90
What is 64 + -42 - (73 + -64 + -5 + 1)?
17
Calculate -4 + (0 - 12) - (-26 + 31).
-21
Evaluate 14 + 1 + 2 + (27 - 34) + 8.
18
What is -198 - (-39 + 47 - 120)?
-86
Calculate -108 - (-19 + -4 - -2 - 20).
-67
What is 50 + 24 + (6 + 10 + -13 - (0 + 6))?
71
Evaluate 35 + (1 + -36 - (-38 - -26)).
12
What is the value of -58 + 67 + (-7 - 7)?
-5
What is the value of -80 + (13 - (3 + -7) - 15) + 11?
-67
What is the value of (9 + -1 - -21) + -22 + (2 + 1 - 32)?
-22
-7 + (79 - 63) - -21
30
Calculate 17 + -1 + -104 + 28.
-60
Evaluate (23 - -63 - 15) + -79.
-8
Evaluate -107 + 75 + 20 + -52.
-64
(9 - (-9 + 14)) + -19 - -12 - -60 - 11
46
What is the value of (1 - -61) + 3907 + -3944?
25
What is the value of 16 + (59 - 43) - (-10 - -107)?
-65
What is the value of -106 - (-99 + 65 + -8 + 10)?
-74
Calculate 1 + 23 - (-108 - (-46 - 1)).
85
What is (59 - -1) + (-199 - -53) + 124?
38
What is -9 - (-44 - (-20 - 28))?
-13
Evaluate 1 - (41 + (2 - -17 - 139)).
80
Evaluate 0 + 2 + -4 + 6652 + -6644.
6
Evaluate (-963 - -977) + (2 + (-1 - 42) - 1).
-28
Calculate (-5 - -51) + -55 + 0 + 23 + (3 - 3).
14
Calculate -7 - ((76 - 70) + 41).
-54
Calculate -1105 + 1103 + (27 - 0).
25
What is (7 - 1) + (-2 - -121 - 142)?
-17
Calculate 1 + -27 + (4 - 22) + (-5 - -18).
-31
What is the value of -3907 - -3815 - (-179 - 4)?
91
What is the value of 82 - (28 + 50 + -37)?
41
Evaluate -29 + 186 + -104 + -23.
30
Evaluate -1 + 0 - (68 - -2 - (35 + 60 + -85)).
-61
Calculate 8 + (25 - 9) + -13 - (-3 - -10) - -43.
47
Calculate 10 - (1 - 13 - (70 + -97)).
-5
Evaluate 86 - (188 - (-17 + 65)).
-54
What is the value of -43 - (18 + -18 + -55)?
12
Evaluate -195 + 92 + 130 - (-2 - 16).
45
Evaluate (-7 - (129 + -121 + 2 + 1)) + 14.
-4
What is the value of 16 - -5 - -38 - 40?
19
Calculate (-19 + -2 + 8 - -8) + -4 + 15.
6
Calculate (-86 - -124 - -102) + -4 + 1.
137
What is (-81 - -41) + 47 + -38?
-31
(1 - -17 - -1) + -30 + -17
-28
What is the value of 1597 + -1716 - (-1 + -36)?
-82
What is 33 - (82 + -20) - -31?
2
-34 + 25 + (12 - (56 - 26))
-27
294 + -340 - (-9 + 42)
-79
Calculate 3 + (-4 + 8 - (4 + 2)) + 8.
9
Calculate 13 - (39 + -147 + 45 - (2 - -3)).
81
What is the value of -11 + 183 + -163 - (-99 - -2)?
106
8 + (5 - 2) + (-10 + -106 + 18 - -10)
-77
54 - ((25 - 30) + 33)
26
Calculate -1 + -11 + -16 + -46 + 32.
-42
Evaluate 64 - 46 - (-3 - (-21 - -7 - 4) - 6).
9
(-16 - -19) + (-111 - -143)
35
-3 - 2 - ((-27 - -15) + (52 - -8))
-53
What is the value of 56 - (-3 + 46) - ((3 - -74) + -5)?
-59
Evaluate (-29 - (13 - (-2 + -5 - -9))) + -3 + 3.
-40
What is the value of (11 - (1 - 34 - 1)) + -1 + 0?
44
(-48 - -16) + 16 + (-19 - -27)
-8
What is 0 + -14 + -69 + (37 - -2)?
-44
What is (-34 - 0) + (125 - 34 - 117)?
-60
Evaluate (-24 - -41) + 28 + 8.
53
What is (-6 - 0) + 3081 + -3096?
-21
Evaluate (33 + -29 - 12) + -6 - (-2 - (0 + 69)).
57
What is 11 - (-62 - -2 - (-67 - (-65 + -26)))?
95
Evaluate -23 - ((-5 - 6) + (4 - 0) - 3 - -10).
-23
(0 - (1 + -1) - 15) + (-74 - (-81 + 5))
-13
What is the value of -4 + (11 - 1) + (-15 - -12) + -36?
-33
(-5 - 6 - 1 - (-91 + 90)) + (0 - -11)
0
Evaluate (17 - -46 - -21) + (-14 + -11 - -9 - -10).
78
What is the value of -23 + (139 - (37 + -34 - (-6 + 2)))?
109
Calculate -66 + 3 + -14 + 45.
-32
Calculate (-100 - -39 - -79) + (95 - 6).
107
Evaluate (2286 - 2274) + -24 + -2.
-14
Calculate -4 + (-21 - (-9 + -9)) + 9 + (24 - 0).
26
Calculate 96 + 1 + 5616 + -5670.
43
51 + -4 - (100 - 66 - 49)
62
Calculate 86 + -60 + -90 + -5 + 2 + -10.
-77
Evaluate (0 - -168) + -2 + -67.
99
Calculate -4 + -9 + -4 - (9 + 27 + -36).
-17
What is -59 - (-2 + -34 + (27 - 12))?
-38
What is the value of -55 + -78 + -84 + 254?
37
What is 35 + -22 - (-6 + -2 + 1 + 47)?
-27
Calculate -27 - (43 + -11 + -36 + -133).
110
What is 4 - ((68 - (-35 - -46)) + -8)?
-45
Evaluate (17 - (1 - (-19 + 20 + -15))) + -12.
-10
What is the value of 13 - (46 + (16 - 19 - -10))?
-40
Calculate (-228 - -258) + -14 + (-7 - -21).
30
Evaluate 94 + -73 + (-28 - (4 - 2)) - 32.
-41
Calculate (14 - 11 - 12 - 49 - 7) + 8.
-57
Evaluate (-58 - -70) + (3 - (-5 - -6)).
14
Evaluate -3 + (-30 - -25) + (9 - 1 - (59 - 152)).
93
What is (30 - 44) + 2 + -58 + 40?
-30
Evaluate (10 - 7) + (14 - (6 - 48)) - (-5 + 6).
58
What is 18 + (38 - 19 - 32)?
5
Evaluate (-11 + 0 + -1 - (1 - 7)) + 10 + -38.
-34
-5 + (-16 - (13 - 25)) - (2 + -1 - 94)
84
What is 3 - 54 - (8 + -6 + 3 - 1) - -2?
-53
Calculate 6 + (0 - 1) + 13 + 6 + -62 + -6.
-44
What is (-18 - 2) + (-669 - -722)?
33
What is -32 + 15 - -4 - (-3 + -79 - -6 - -9)?
54
50 + (-76 - -21) + -18 + 76 + 1
54
What is the value of 94 - ((-7 - -12) + 67)?
22
Evaluate 2 + 32 - (-9 - (2 + (-13 - -13))).
45
What is -7 + 1 - (3 - 24 -